/10?
4
Suppose 5*r = -15*m + 17*m - 72180, 2*r = m - 36086. What is the units digit of m?
0
Suppose 1902*k - 147779 = 1835*k + 594246. What is the ten thousands digit of k?
1
Let y(x) be the third derivative of -1/12*x**4 + 7/30*x**5 + 1/3*x**3 + 8*x**2 + 0*x + 0. What is the tens digit of y(3)?
2
Let y = -18 + 46. Suppose u + 5*g = 61, 3*g + y + 9 = u. What is the units digit of u/((-22)/(-6) - 3)?
9
Suppose 2*f = -u - 2345 + 11430, 0 = f + 4*u - 4532. What is the thousands digit of f?
4
Let j = -1737 + 8707. What is the hundreds digit of j?
9
Let s(w) be the first derivative of -w**4/4 - 17*w**3/3 + 59*w**2/2 + 24*w + 37. What is the units digit of s(-20)?
4
Suppose s - 259 = -259. Let z(y) = -y**2 - 13*y + 405. What is the hundreds digit of z(s)?
4
Suppose -22 = -3*i - v - 18, 5*i = -2*v + 5. Suppose 3*g = 15, -b - i*b + 533 = 5*g. What is the hundreds digit of b?
1
Let z(f) = -4*f**3 - 16*f**2 - 63*f - 179. What is the thousands digit of z(-8)?
1
Let a = -196 - -205. Suppose -3*h - 785 = -4*i, -2*h = -5*h - a. What is the tens digit of i?
9
Suppose -4*k + 2*k = -5*k + 2793. What is the tens digit of k?
3
What is the units digit of (20/50)/((-12)/(-15))*11262?
1
Suppose 8*h + 4*h = 924. Suppose 2*n + 5642 = 4*v, h*n - 5645 = -4*v + 76*n. What is the units digit of v?
1
What is the units digit of 2/(-1) + 33466 + 7 - -10?
1
What is the units digit of 30962/16 - 113/904?
5
What is the hundreds digit of 3719/(((-204)/(-12))/102)?
3
Let c(z) = 78*z + 32. Let j(x) = -41*x - 16. Let n(i) = 2*c(i) + 5*j(i). What is the tens digit of n(-8)?
7
Suppose -370456*i + 370457*i = 32920. What is the tens digit of i?
2
Let y = 126 - 51. Suppose z = -y + 18. What is the units digit of (-1102)/z + ((-2)/6 - 0)?
9
Suppose -r - 3*u = 79, -3*r - u - 245 = 4*u. Let p = r - -285. What is the units digit of p?
0
Let c = -3927 - -11419. What is the units digit of c?
2
Let g = -55 + 6277. What is the units digit of g?
2
Let k = 44062 + -42. What is the units digit of k?
0
Let k(y) = 2*y - 11. Let h be k(7). Let p(l) = -2*l + 8. Let j be p(h). Suppose -4*b + j*b + 5*a = -41, -3*b = a - 87. What is the units digit of b?
8
Let x be 20/(-45)*6*(-66)/8. Let a = x + 343. Suppose 20*i - a = 15*i. What is the units digit of i?
3
Let i(q) = 179*q + 891. What is the thousands digit of i(28)?
5
Let m(a) = 6*a**2 - 12*a + 10. Let w be m(3). Suppose -1152 = 25*r - w*r. What is the units digit of r?
4
Let q be (-4)/1 + -2*(-4324)/8. Suppose 115*k - 112*k - q = 0. What is the hundreds digit of k?
3
Let k(z) = 3*z**3 - 19*z**2 - 5*z + 10. Let s be k(7). Let u(l) = -l**3 + 8*l**2 + 7*l + 5. Let c be u(8). Let r = c + s. What is the tens digit of r?
3
Let y(z) = 512*z - 1786. What is the hundreds digit of y(5)?
7
Suppose 129 = 5*b - 61. Let a = 89 - b. Let r = -24 + a. What is the units digit of r?
7
Let r be 9 - 33*1520/30. Let w = 3303 + r. What is the tens digit of w?
4
Let b = 110 - 104. Suppose -3*n + 3*o + 1578 = 0, -b*o - 1042 = -2*n - 2*o. What is the units digit of n?
1
Suppose -3*q + 228925 = -5*c, -16*c + 19*c + 24 = 0. What is the ten thousands digit of q?
7
Let g be 6*(-8 + (-136)/3). Let t = g + 617. What is the tens digit of t?
9
Let j be (3 + (-2)/6)*3. Let q(h) = -3*h + 24. Let n be q(j). Suppose 3*o - d - 176 = n, 4*d - 104 = -2*o + 2*d. What is the tens digit of o?
5
Suppose -88 = 3*o - 2*j, -4*o - j - 2*j = 89. Suppose 0 = 5*c + 25, -2*l - 5*c + 55 + 156 = 0. Let f = o + l. What is the tens digit of f?
9
Suppose -2*g + 3*g + 9 = 0. Let p be -4*g/4 + -1. Suppose -p = a - 2*c - 57, -3*c - 217 = -5*a. What is the units digit of a?
1
Let s(q) = -6*q**3 + 2*q**2 - q - 2. Let w be s(-1). Suppose 13*u = w*u + 2106. What is the tens digit of u?
5
Let y be 8*(1 - 15/20). What is the hundreds digit of 1*y*-7*369/(-18)?
2
Suppose -1364405 + 263579 = -69*d. What is the tens digit of d?
5
Suppose -706 = -3*u - 10. Let p = u + 251. What is the tens digit of p?
8
Suppose -9238 = y - 2*x - 36527, 4*y - 109200 = -3*x. What is the tens digit of y?
9
Let z(b) = 3*b - 3. Let i be z(1). Suppose i*l + 21 = 3*l. Suppose h - l = 5. What is the tens digit of h?
1
Let d be 1/(-2 + (-27)/(-12)). Suppose l + d*i + 11 = 4*l, 0 = -4*l - i + 21. Suppose j + 3*s - 41 = s, l*j - 4*s = 205. What is the units digit of j?
1
Suppose 25*c + 107738 = 128*c. What is the tens digit of c?
4
Suppose 5*o = 46*a - 41*a + 46075, 4*a + 9218 = o. What is the tens digit of o?
1
Let r be -9*(3 + -2 + 0)*3. Let x = r - -32. What is the units digit of (-129)/(-3 + -3 + x)?
9
Let k(m) = -1338*m + 295. What is the hundreds digit of k(-5)?
9
Suppose -10*z + 58 = -162. Let i(a) = 15*a - 44. What is the tens digit of i(z)?
8
Let p(s) = -250*s + 61. Let z be p(-4). Let w = -598 + z. What is the units digit of w?
3
Suppose 5*q + 0*q = 2*q. Suppose -2*l + 320 + 72 = 4*f, -4*l + 4*f + 724 = q. What is the tens digit of l?
8
What is the ten thousands digit of (50756/(-3))/(536/(-2010))?
6
Let t = 26409 - 16625. What is the tens digit of t?
8
Let n(u) = -2436*u - 1069. What is the units digit of n(-25)?
1
Let k = -346 + 350. What is the units digit of 2/(-3) + k/((-48)/(-14372))?
7
Suppose i + 910 = 6*i - 5*c, -4*i + 728 = -2*c. Suppose 5*y = 5*k + 42 - 197, -5*k + 139 = -y. Let l = i - k. What is the units digit of l?
5
Let i(j) = -2*j**3 - 3*j**2 + 6*j + 6. Let v be i(-3). Suppose 5*s = -d + v, -2*d + 2*s = 6 - 24. What is the tens digit of (d/(-4))/((-8)/272)?
8
Let q(a) = -2*a**3 + 11*a**2 - 4*a - 5. Let k be q(5). Suppose 4*z + 5*j - 940 = 0, k = -4*z - 2*j + 1418 - 490. What is the hundreds digit of z?
2
Let i(w) = 437*w + 71. Let v(m) = 291*m + 47. Let q(s) = -5*i(s) + 8*v(s). What is the tens digit of q(1)?
6
Let l(m) = -m. Let i(t) = -9*t - 17. Let k(w) = i(w) - 6*l(w). Let n be k(-5). What is the tens digit of 0 - (0/n + -277)?
7
Let r = 27850 + -13969. What is the units digit of r?
1
Suppose 7 = -2*p + 3*a, 5*a = -15*p + 11*p + 41. What is the units digit of 2 + (-3 - 1) - (p + -495)?
9
Let v(c) be the second derivative of c**3/3 - 2*c**2 + 13*c. Let w be v(0). What is the units digit of (2/w)/((-1)/186)?
3
Let c(s) = 33*s**2 - 1 + 0 - 6*s + 59*s**2 - 1. Let j be c(3). Suppose 3*q + 5*y - j + 207 = 0, -609 = -3*q + 3*y. What is the units digit of q?
2
Let f(y) = -y**3 - 36*y**2 + 24*y + 131. What is the thousands digit of f(-39)?
3
Suppose -3*n + 95 = 2*j, -23*j = -27*j + n + 183. Suppose -5*s - 65 = 45. Let k = j - s. What is the units digit of k?
8
Suppose -113276 = -21*p + 162394 - 29592. What is the thousands digit of p?
1
What is the thousands digit of ((-5)/3)/(710/(-9272316))?
1
Let g(u) = u**3 + 8*u**2 - 8. Let f be g(-8). Let b be f/64 - (-57)/8. Suppose -b*x - 101 = -8*x. What is the hundreds digit of x?
1
Suppose -12041 + 1856 = 21*h. Let w = 199 - h. What is the tens digit of w?
8
Suppose 3*a = 12*a - 2646. Let g = a - 217. What is the units digit of g?
7
Suppose 12*j - 25312 = -4*j. Let l = j - 877. What is the tens digit of l?
0
Suppose -11*c + 2680 = -c. Let u = c + -38. Suppose -u = -12*x + 10*x. What is the tens digit of x?
1
Suppose -4*l - 1504 = -r + 924, -2*r + 2*l = -4820. What is the units digit of r?
4
Let k = -6457 + 33424. What is the hundreds digit of k?
9
Let i = 151 - -221. Suppose -5*j = y - i, 4*y + 3*j + 1098 = 7*y. What is the units digit of y?
7
Suppose 5*x - 252 = -h, -196 = -0*x - 4*x + 2*h. Suppose 10 + x = 5*u. Suppose 16*o - 180 = u*o. What is the units digit of o?
5
Let q(z) = -27*z + 4. Let v = -46 + 50. Let b be 2*-3 + (-2)/(-4)*v. What is the tens digit of q(b)?
1
Suppose 38*c - c - 640530 = -53*c. What is the units digit of c?
7
Let h(k) be the first derivative of -k**3/3 + 17*k**2/2 - 5*k + 22. Let l = -16 - -23. What is the units digit of h(l)?
5
Let r be (-2)/(-1) - 6*(-4)/6. Let t(p) = -2*p**2 + 8*p + 8. Let n be t(r). Let a = n + 81. What is the units digit of a?
5
Suppose 0 = 4*m + 65*d - 61*d - 26680, -m + 2*d = -6673. What is the thousands digit of m?
6
Let g be (-123 + 113)*1*(-4)/5. Let r(a) = 4*a**3 - 24*a**2 - 6*a - 17. What is the tens digit of r(g)?
4
Let z(d) = -d**2 - 168*d - 14. What is the tens digit of z(-56)?
5
What is the ten thousands digit of ((-704276)/408)/(1/(-6))?
1
What is the tens digit of (-42)/35 + (-2631888)/(-240)?
6
Let b(y) = -6*y + 2